*u + 25, -u - 3*b - 11 = -27. List the prime factors of u/(0 + (-2)/(-42)).
3, 7
Let i(o) be the second derivative of 0 - 5*o - 1/12*o**4 + 2*o**2 + 1/2*o**3. List the prime factors of i(3).
2
List the prime factors of ((-18)/21)/(21/(-54243)).
2, 3, 41
Suppose -4*h + 5*h + 3*t - 476 = 0, 0 = -5*h - 4*t + 2391. List the prime factors of h.
479
Suppose -5*v - 12 = -77. Suppose 0 = 4*o - 4, 2*g + 2*o - v = o. Suppose g = x + x. What are the prime factors of x?
3
Let z be (19/(-38))/((1/(-8))/1). Suppose 6*d - z*d = 46. List the prime factors of d.
23
Let d be 13 + (1*2 - 36/6). Suppose 5*x - 65 = -2*h - d, 128 = 4*h + 2*x. List the prime factors of h.
3, 11
Let f(i) = i**3 + 6*i**2 - 38*i - 5. Suppose 0 = -7*t + 29 + 13. List the prime factors of f(t).
199
Suppose -5*w + 8*x = 11*x - 22128, 0 = w - 5*x - 4420. What are the prime factors of w?
3, 5, 59
Let v(w) = 15 - w**3 + 16 - 39 - 2*w**2 + 15 + 3*w. Let f = 2 + -6. List the prime factors of v(f).
3
Let m(i) = -i**3 - 6*i**2 - 7*i - 7. Let r be m(-5). Suppose k - 4*k + 23 = -5*a, 4*k = -r*a - 37. Let f = a + 14. List the prime factors of f.
7
Let t = 19 + -34. Let k be -2 + (-60)/(t/5). What are the prime factors of 484/k + (-9)/(-81)?
3
Let f(h) = -h - 7. Let o be f(-9). Suppose -2*z + 3*y + 69 = -o*y, 45 = z + y. Let t = z + -22. List the prime factors of t.
2, 5
Let j(b) = -b**3 + 17*b**2 - 7*b - 16. Let y be j(16). Let t = 355 - y. What are the prime factors of t?
227
Let n be 4/6*(4 + 2). Suppose -11*c = -n*c - 21. Suppose -c*y = -113 - 61. List the prime factors of y.
2, 29
Let t be 3*3/(-9)*1. Let h(f) be the second derivative of -21*f**5/20 - f**3/3 - f**2/2 + 7*f. What are the prime factors of h(t)?
2, 11
Let h = 692 - 338. What are the prime factors of h?
2, 3, 59
Let l(r) = -r - 4. Let d be l(-6). Suppose 3*c = -5*h + 134, 2*h = -d*c - 0*h + 84. List the prime factors of c.
2, 19
Let i(t) be the second derivative of -t**5/20 + t**4/4 - t**2 + 4*t. Let s be i(5). Let k = s - -78. What are the prime factors of k?
2, 13
Let a(q) = q**3 + 10*q**2 + 2. Let z be a(-10). Let i(s) = 16*s**2 - 4*s + 5. List the prime factors of i(z).
61
Suppose -2*x - 4 = -5*d - 0, -2*d - 5*x + 19 = 0. Suppose g + 105 = 6*g. Suppose -d*y + 57 = -g. List the prime factors of y.
3, 13
Suppose g = x, -2*g + 4*x = 5 + 3. Let q be (-219)/(-15) + g/10. Suppose -r = 4*n - 41, -r - 4*r - q = 0. What are the prime factors of n?
11
Let a(m) = -m**3 + 4*m**2 - m + 7. Let z be a(4). What are the prime factors of -96*(-2 + -2 + z)?
2, 3
Let q = -6741 + 11630. List the prime factors of q.
4889
Suppose 0*p + 8 = 4*p. Let n(o) = 5 - 5 + 4 - 5 + 12*o. List the prime factors of n(p).
23
Let k(q) = q**2 - 17*q + 33. Let p be k(15). Suppose -525 = -4*g - p*f, -f = 2*g + 25 - 288. List the prime factors of g.
2, 3, 11
Let t = -560 + 818. Let m = 361 - t. List the prime factors of m.
103
Let h(c) = -2*c**2 - 22*c + 145. Let n be h(-15). Let b = -2 + 19. Let g = n - b. List the prime factors of g.
2
Suppose h = -4*g + 11399, g + 5*h - 4292 + 1428 = 0. What are the prime factors of g?
7, 11, 37
Let v be 5 + -1 + (328 - 0). Let r = v + -228. What are the prime factors of r?
2, 13
Let t(x) = x**2 + 3*x - 3. Let v be t(-3). Let w(p) = -p**3 + 24*p**2 + 50*p + 54. Let b be w(26). List the prime factors of (v - -2)/(b/(-68)).
2, 17
Let n(h) = -h + 4. Let r be n(3). Let w be r*(-3)/6*-6. List the prime factors of 3*(-3 + 14/w).
5
Let d be (-104)/(4/(-16)*-1). Let u = -170 - d. What are the prime factors of u?
2, 3, 41
Let o(h) = h**3 - 17*h**2 + 5*h - 23. List the prime factors of o(17).
2, 31
Suppose 459 - 95 = 7*p. Let s = 99 - p. What are the prime factors of s?
47
Suppose 15*n - 23*n + 32 = 0. Suppose n*t = 8*t - 76. What are the prime factors of t?
19
Let m(z) = z**3 - 19*z**2 + 17*z + 6. List the prime factors of m(22).
2, 229
Let o(y) = 261*y - 106. What are the prime factors of o(6)?
2, 5, 73
Let b = -10 + 13. Suppose -2*v - b*j = 8, -v + 3*j = -2*j - 22. What are the prime factors of (540/8)/3*v?
3, 5
Let s(t) = 11*t**2 + 5*t - 1. Let d(i) = -12*i**2 - 4*i + 1. Let a(p) = -6*d(p) - 5*s(p). Let k be a(-1). Let n = -6 + k. List the prime factors of n.
11
Suppose -2516 = -4*f - 4*d, 3*f + d + 1899 = 6*f. List the prime factors of f.
2, 79
Let j(z) be the second derivative of -z**3/6 + z**2/2 + 2*z. Let f be j(-2). Suppose -4*w + 67 = 4*m + 3, f*w - 38 = -m. What are the prime factors of w?
11
Let a = -94 - -23. Let h = 204 + a. List the prime factors of h.
7, 19
Let w = 5874 - 3805. What are the prime factors of w?
2069
Suppose 0 = -9*p + 8*p + 3. Let r(k) = 8*k - p + 3 - 1. List the prime factors of r(6).
47
Suppose 4*f + 3*o - 5 = 0, 5*o + 35 = 3*f + o. What are the prime factors of (130 + 3)/(6 - f)?
7, 19
List the prime factors of (-84744)/(-44) + (0 + -8)/2.
2, 31
Let j(r) = -r**3 + 4*r**2 + 3*r. Let p be j(4). Let k be 90/p + 1/2. What are the prime factors of (-249)/(-12) + 2/k?
3, 7
Let u be 6/(-15) + (-187)/(-5). Let y(o) = o**2 + 12*o + 2. Let d be y(-12). Suppose -2*k = 3*f + 10 - u, -48 = -d*k + 4*f. What are the prime factors of k?
2, 3
Suppose 0*i + i - 9 = 4*n, 2*n + 5*i - 1 = 0. List the prime factors of (0 + n*17/4)*-14.
7, 17
Let d(u) = -35*u - 92. What are the prime factors of d(-27)?
853
Let p(x) = 12*x - 26. Let i(q) = -4*q + 7. Let b be i(0). List the prime factors of p(b).
2, 29
Suppose 34 = 4*j + 2. Suppose 4*x - 204 = j*x. Let w = 110 + x. List the prime factors of w.
59
Let d(l) = -3 + 1 + 8 + 6*l - 4*l**2 + 5*l**2. Let w be d(-4). List the prime factors of w/(-5) - 252/(-45).
2, 3
What are the prime factors of (-105196)/(-35) + 24/60?
2, 3, 167
Suppose -10*z + 28*z - 5436 = 0. List the prime factors of z.
2, 151
Let t = -12 - -17. Let o = 154 - 97. Suppose -3*z + 38 + 5 = -5*f, f + o = t*z. List the prime factors of z.
11
Let f(j) = -11*j**3 + 12*j - 5. Let c be f(7). List the prime factors of c/(-18) + 8/(-36).
5, 41
Suppose -3*c + q + 4*q = 31, 3*c = q - 11. Let i be (6/15)/(3/(-60)). Let s = c - i. What are the prime factors of s?
2, 3
Suppose -5*q + 9*q = 28. Suppose -t - 390 = -q*t. What are the prime factors of t?
5, 13
Let u(m) = -4*m + 108. List the prime factors of u(6).
2, 3, 7
Suppose -5*x = 232 - 62. Suppose 5*f + 5*d = 310, f = -3*f - d + 242. Let s = x + f. What are the prime factors of s?
2, 13
Let a(f) = 3*f**3 - 6*f**2 + 14. What are the prime factors of a(9)?
5, 7
Let p = 3894 + -1321. What are the prime factors of p?
31, 83
Suppose 3*a = -3*v - 17 - 16, 2*v + 7 = a. What are the prime factors of 330/9*(-6)/15*v?
2, 11
Let p = 110 + 51. Suppose -2*v = -79 - p. List the prime factors of v.
2, 3, 5
Let a = 91 - -606. What are the prime factors of a?
17, 41
Suppose 98*i + 10158 = 103*i - 4*g, 0 = 2*i + g - 4071. What are the prime factors of i?
2, 3, 113
Let q(f) = 2*f**3 - 5*f**2 + 2*f + 4. Let v(z) = -2*z + 10. Let i be v(5). Suppose -8 = -2*a - u, 2*a + i*u = 3*u. What are the prime factors of q(a)?
19
Let d be 2/(-7) + (6 - 11942/49). Let l = d + 400. What are the prime factors of l?
2, 3
Suppose -4*x - x - q = 0, -23 = 2*x + 5*q. Let t(s) = 208*s**2 - 2*s + 2. What are the prime factors of t(x)?
2, 13
Suppose x + 5*g = -8777, 0 = -5*x + 2*x - 5*g - 26311. Let q be (-2)/(-15) + x/165. Let d = -27 - q. List the prime factors of d.
2, 13
Suppose -4*c + 104 = 2*w - 0*w, -5*w - 37 = -c. Suppose u - 16 = c. List the prime factors of u.
43
Let f be (-6)/8 - 155/(-20). Suppose 59 + f = 2*k. Let n = 48 - k. List the prime factors of n.
3, 5
Let w = 1352 + -1963. Let s = w + 914. List the prime factors of s.
3, 101
Let q = 2968 + -1933. Suppose -5*r = -c - q, -4 + 9 = -c. List the prime factors of r.
2, 103
Let l(r) = r**2 + 16*r + 10. Let d be l(-15). Let k(f) = -281*f - 5. Let x be k(d). List the prime factors of x/32 - (-6)/(-8).
43
Let h(b) be the third derivative of 7*b**6/720 - b**5/20 - b**4/8 + 2*b**2. Let s(j) be the second derivative of h(j). What are the prime factors of s(4)?
2, 11
Let v be (-2)/(-4) + (-30)/(-12). Suppose c = -v*c + 656. What are the prime factors of c?
2, 41
Let z(l) = -l**3 - 10*l**2 - 33*l + 2. What are the prime factors of z(-16)?
2, 1033
Suppose -5*i + 4204 = -1941. What are the prime factors of i?
1229
Let r = 2 - 46. Let c = -32 - r. Suppose 0 = 3*g - 22